culate z(o).
1
Suppose 34*m = 22*m + 120. Suppose -m = -2*j + 4*i, -2 = -3*j + j + 2*i. Let h(c) = -3 - 2*c + 5*c + 5. Calculate h(j).
-7
Let u(z) = 22*z - 206. Let x(n) = -173*n + 5892. Let f be x(34). What is u(f)?
14
Let j(a) be the second derivative of a**5/10 - 5*a**4/4 - a**3 - 11*a**2/2 - 2890*a. Determine j(8).
5
Let b(o) be the third derivative of -o**6/120 - o**5/6 + o**4/24 + o**3 - o**2 + 261. Let x = 50 - 60. Determine b(x).
-4
Let z = -930 + 950. Let l(t) = -3*t**3 + 60*t**2 - t + 28. Determine l(z).
8
Let f(q) = -15*q - 114*q + 2 + 127*q. Let d be (-62)/(-22) + 8/44. Determine f(d).
-4
Let r(i) = -3*i**3 - 6*i**2 + 2*i - 3. Let z(t) = 10*t**2 - 13*t**2 - 7*t + 29*t**2 + 13*t**3 + 12. Let v(d) = 9*r(d) + 2*z(d). Let q = 4 + -2. Give v(q).
-11
Suppose -23*b = 4*r - 27*b - 24, b = -2. Let k(m) = -2*m**3 + 8*m**2 - 9*m - 3. Give k(r).
-39
Suppose -24 = 2*z - 4*i, -445*i = 4*z - 448*i + 58. Let x(p) = p**3 + 14*p**2 - 33*p - 22. Give x(z).
-6
Let g(h) = 14 - 15 + 2*h - h. Let s(p) = 1. Let a(u) = 2*g(u) - s(u). What is a(-8)?
-19
Let l(j) = -3*j**2 - 10*j - 11. Let c(k) = 4*k**2 + 11*k + 11. Let f(g) = -2*c(g) - 3*l(g). Suppose 79*o - 76*o = -h - 26, 4*h + 2 = 5*o. Determine f(h).
11
Let u(x) = 43 + x**3 + 11 + 23 - 37. What is u(0)?
40
Let g = -3 - -2. Let a be g/((-2 + 1)*-1). Let m(l) = -l**3 + 45670529*l**2 + 1 - 10*l**3 - 45670530*l**2. Determine m(a).
11
Let w(c) be the first derivative of 51*c**2/2 + 15*c + 1870. Give w(0).
15
Suppose -132*r = 311 - 884 - 483. Let i(s) be the second derivative of -s**5/20 + 2*s**4/3 - 3*s**2 - s. Calculate i(r).
-6
Suppose 4*n - 3*k - 35 = -0*n, -3*n = 4*k + 5. Let q(s) = -22*s**2 - 91*s - 5. Let u(m) = -40*m**2 - 168*m - 9. Let w(p) = 11*q(p) - 6*u(p). Determine w(n).
-16
Let x(s) = 4*s**2 + 2*s - 2. Let t be (-29)/(0 - (-2)/4). Suppose 119*q + 228 = -3*q + 7548. Let c = q + t. What is x(c)?
18
Let j(d) be the third derivative of -d**7/1260 + d**6/72 + d**5/30 - 29*d**3/6 + 95*d**2. Let l(o) be the third derivative of j(o). Determine l(7).
-18
Let m(h) = h**3 - 8*h**2 - 7*h - 10. Suppose 2*q = 2*s + 10, q + s - 19 = -2*q. Let z = q - 3. Let a be (1 + 0)/(z/27). Give m(a).
8
Let d(v) be the third derivative of v**5/20 - v**4/24 - 9*v**3/2 - 3281*v**2. What is d(5)?
43
Let o(p) = p**3 - 2*p**2 - 3*p - 1. Let j be o(-1). Let h be (j*1)/(114/(-30) + 4). Let f(u) = -u - 9. Give f(h).
-4
Let a(u) = -11*u**2 + 10*u + 2. Let p(f) = -f**2 + 2*f + 1. Let j(v) = 3*v + 1. Let m(g) = j(g) - 2*p(g). Let b(x) = a(x) + 5*m(x). Determine b(2).
3
Let l(g) be the third derivative of 23*g**4/12 + 4*g**3/3 + 229*g**2 - 4*g - 1. Determine l(-1).
-38
Let r(u) = -11*u**3 - 19*u**2 - 13*u - 17. Let l(s) = 9*s**3 + 17*s**2 + 12*s + 16. Let j(m) = 5*l(m) + 4*r(m). Give j(-8).
12
Let u(r) = r**3 - r**2 + 1. Let m be -9 + 9 - (-2)/(-2 - -3). Let v(f) = 16*f**3 - 3*f**2 + f + 1. Let q(x) = m*u(x) - v(x). Let i = -5 + 6. Determine q(i).
-13
Let m(o) = -o + 5. Let g be 3*420/27 + (-10)/15. Let k = g - 41. Suppose -b - 16 = -k*b. Calculate m(b).
1
Let p be 48/(-96)*(-1 + 0 + -51). Let b(n) = 2*n**3 - 52*n**2 - n + 7. Calculate b(p).
-19
Let n(f) be the third derivative of -f**6/120 - f**5/12 + 5*f**4/24 - 4*f**3/3 + 1136*f**2. What is n(-6)?
-2
Let y(r) = 3*r**2 + 14*r**3 - 4*r**2 - 9*r**3. Let b(o) be the third derivative of -o**5/60 - o**4/3 - 8*o**3/3 - 51*o**2. Let u be b(-5). What is y(u)?
-6
Let l(z) be the third derivative of z**5/60 + 3*z**4/8 + z**3/3 - 2*z**2 - 16*z + 11. Suppose d + 3*d = -32. Give l(d).
-6
Let p(c) = -8*c - 185. Let h be 13275/(-575) + 10/115. Calculate p(h).
-1
Suppose f + f = 2*s + 18, 3 = f + 2*s. Suppose -8*n = -f*n - 4. Let q(x) = -5 + 12*x**3 + x**2 - 3*x**3 + 2*x + 3*x**2 - 10*x**3. Give q(n).
3
Let o(r) = -r - 26. Let j(k) = -k**3 + 6*k**2 + 13*k - 105. Let c be j(6). Determine o(c).
1
Suppose 13 = b + 5*p, -p + 2*p = 3. Let u(n) be the second derivative of 1/20*n**5 + 1/6*n**3 + 2 - 1/2*n**2 + 1/6*n**4 - 3*n. Determine u(b).
-3
Let q(p) = p**2 - 3*p - 9. Let t be q(-8). Let j = -150 + 75. Let a = t + j. Let m(s) = -s**3 + 3*s**2 - 2*s + 1. What is m(a)?
-23
Let m(p) be the third derivative of p**6/120 + p**5/10 + 5*p**4/24 + 31*p**3/6 + 60*p**2 + 11. Calculate m(-6).
1
Let g(l) = 8*l + 1. Let y(i) = 3*i - 124. Let h(o) = g(o) - y(o). What is h(-23)?
10
Suppose -5*h = 3*o - 197 + 1303, -2*o - 4*h = 738. Let q = -374 - o. Let t(l) = -2*l + 4*l + l**2 + 3*l + 5. Give t(q).
19
Suppose 71*h - 69*h - 24 = -4*l, 39 = h + 5*l. Let j(a) = -5*a**2 - 12*a - 2. Let s(y) = -11*y**2 - 24*y - 5. Let n(i) = 7*j(i) - 3*s(i). Determine n(h).
1
Suppose 13*x - 23*x + 130 = 0. Let g(s) = -s**3 + 14*s**2 - 13*s + 18. What is g(x)?
18
Let v(w) = w + 13. Let d be v(5). Let r be d*(1 + (-2)/3). Let u(b) = 2*b - 10. Give u(r).
2
Suppose q - 28 = -5*p, 0 = 5*q - 2*p - 0*p - 5. Let z(d) = -22*d + 47*d - 8*d - 3 - 12*d - 8*d. What is z(q)?
-12
Let k(q) = 4*q + 22*q + 5*q - 80 + 12*q. Calculate k(2).
6
Let k(f) = f**2 + 17*f - 3*f**2 - 17 - 14*f**2 - 14*f**2 + 1. What is k(1)?
-29
Let x(s) = s**3 + 4*s**2 - 3*s + 4. Let l(r) = -r**2 - 2*r + 51. Let t be l(-8). Suppose 0 = -2*o + i - 5, -o + 5*i + 5 = t*o. Calculate x(o).
-6
Let g be 4*(-1)/2*(34/(-4) + 11). Let u(v) = 26*v + 107. What is u(g)?
-23
Let o(p) = 3. Let z(x) = -x + 10. Let d(k) = -k + 8. Let s(u) = -4*d(u) + 3*z(u). Let w be 2 - (6 - (-2)/1). Let n(i) = w*s(i) - 4*o(i). Calculate n(-1).
6
Let o = 7 - 13. Let d(y) = -222 - 229 - 4*y - 203 - 211 + 843. Determine d(o).
2
Let w(n) = 11*n - 26. Let i(j) = -4*j + 9. Let b(d) = -8*i(d) - 3*w(d). Suppose 0 = 373*q + 3445 - 3445. What is b(q)?
6
Let n(k) be the third derivative of 0 - 4/3*k**3 - 64*k**2 - 1/24*k**4 + 0*k. Give n(-11).
3
Let y(b) = -84*b**2 - 3*b - 2. Let w be y(-1). Let f = -81 - w. Let j(d) = 7*d**2 - f*d + 147 - 146 - d**2. Calculate j(1).
5
Let q(x) be the second derivative of x**5/20 + 19*x**4/12 + 13*x**2 + 1833*x. Give q(-19).
26
Let d = -2557 + 2549. Let m(s) = s**3 + 8*s**2 + 7*s + 52. Calculate m(d).
-4
Let f(d) = -3 + 2*d - 2*d**2 + 3 - d**3. Let s(p) = -p**2 - 375*p + 756. Let q be s(2). Give f(q).
-12
Let m be 1/((-1)/(-4 - 2)). Let h(b) = -32*b - 25*b - 51 + 8*b**2 + 43 - b**3 + 65*b - 18*b. What is h(m)?
4
Let r(m) = m - 2. Let o be (-5)/(2*2/2 - 3). Suppose -4*a = -o*x - 2*a - 15, 2*a - 14 = 4*x. Determine r(x).
-3
Let l(g) = g**3 - 19*g**2 + g - 12. Suppose 0 = -4*q - 2*m + 248 - 158, -q - 4*m = -47. Give l(q).
7
Let w(i) = -4*i**2 + 2*i + 5. Let a(f) = f**3 - f**2 - f - 1. Let t(j) = a(j) - w(j). Suppose 12*n = 19*n + 2569. Let y = n + 363. What is t(y)?
-10
Let y(l) = l**3 - 17*l**2 + 16*l + 3. Let o be y(16). Let b(r) = 3*r**2 - r - 3. Let j(x) = 1. Let t(d) = o*j(d) + b(d). Suppose 13 = 16*p - 3. Calculate t(p).
2
Suppose -26*n + 235 = -233. Let o be -3 - (4/n + 986/261). Let l(i) = 2*i + 8. What is l(o)?
-6
Suppose -124 = 5*f + 11*n, 10*n - 8*n = -2*f - 28. Let c(u) = u**2 + 8*u + 14 - 14. Determine c(f).
-15
Let r = 3428 + -3435. Let u(n) = 2*n**2 + 9*n + 11. Determine u(r).
46
Let o(y) = -3*y - 23. Let h(z) = -2*z - 15. Let p(r) = 2*h(r) - o(r). Determine p(-13).
6
Suppose 24*q - 5*b + 48 = 20*q, 2*q + 3*b - 20 = 0. Let g(c) be the third derivative of 0 + 1/3*c**3 + 0*c - c**2 + 0*c**4 - 1/60*c**5. What is g(q)?
-2
Let a(v) be the first derivative of v**4/4 + 5*v**3/3 - 2*v**2 + 16*v + 1118. Calculate a(-6).
4
Let u(p) = -2*p - 45. Suppose 0 = -2*k - 0*k + 3*v + 242, -5*v - 20 = 0. Let c = -139 + k. Let m be u(c). Let z(n) = -3*n**2 + 2*n + 1. Determine z(m).
-20
Suppose 3*p - 1 = c + 3*c, 0 = c + p - 5. Suppose 0 = 2*h - 10, -h + 19 = -2*b + c*h. Let v(i) = 18*i + 2. Determine v(b).
-34
Let u(j) = 2*j - 3. Suppose -h = 1, -3*w + 0*h - 2*h - 209 = 0. Suppose 4*l - 338 + 42 = 0. Let k = w + l. What is u(k)?
7
Let r(w) = w + 8. Let h(z) = -4. Let n(t) = -3. Let u(y) = 3*h(y) - 5*n(y). Let d(b) = 2*r(b) - 5*u(b). Give d(-5).
-9
Let s(c) = 3*c**2 + 8*c - 9. Let u be -11*(-33)/(-121) + -3 + -1. Give s(u).
82
Let i(v) be the second derivative of v**3/6 - 2*v**2 - v. Let q be ((-18)/15)/(71/(-70) - -1). Let l = -89 + q. Give i(l).
-9
Let f be -3*(2/(-6) - 1). Let q(n) be the first derivative of 4*n + 0*n**2 + 1/3*n**3 + 409. What is q(f)?
20
Let d(n) = 1323 - 2518 + 1260 - 4*n